nd i.
27
Let k = 30 - 11. Let x = -269 + -13. Let f = x + 415. Calculate the highest common divisor of f and k.
19
Let o be ((-220)/(-99))/20*36. Let y = -26 + 16. Let d be (8/y)/(4/(-140)). What is the greatest common divisor of d and o?
4
Suppose 14 = 4*r + 2*p, -2*p = r - p - 2. Let i be (8/10)/(2/100). What is the highest common divisor of r and i?
5
Suppose -29714 - 13568 = -67*z. What is the highest common factor of 38 and z?
38
Suppose 15410 = -110*y + 120*y. What is the highest common divisor of 67 and y?
67
Let v be 0 - -26 - (-12 + -6 + 20). What is the greatest common factor of v and 472?
8
Suppose -6*s - 1549 + 1837 = 0. What is the highest common factor of s and 27?
3
Let t(z) = z**3 - 16*z**2 + 14*z + 39. Let h be t(15). Suppose -4*n = -152 - 520. What is the highest common factor of h and n?
24
Let s(a) = 15*a**2 + 2*a - 3. Let x be s(1). What is the highest common divisor of x and 49?
7
Suppose 19*v - 1809 = 10*v. Calculate the highest common factor of v and 3.
3
Let y be -3*(-16 + (-12)/(-8)*2). Let o = -3 + 29. Calculate the highest common divisor of o and y.
13
Let c = 47 - 36. Let p = 27 - c. Calculate the greatest common divisor of 16 and p.
16
Suppose -1211 = 15*f + 364. Let h be -6*(-10)/75*f/(-6). What is the highest common factor of 14 and h?
14
Let t(n) = 2*n**2 - 9*n - 10. Let f be t(7). Suppose 25 = -179*r + 184*r. What is the highest common factor of f and r?
5
Let b be (7 + 3)/(4/12). What is the greatest common factor of 920 and b?
10
Suppose -2*i - 70 = -5*d - 4*i, i - 28 = -2*d. Let u = d + 31. What is the greatest common factor of u and 30?
15
Let t(a) = a**2 + 8*a - 7. Let l be t(-8). Let j(h) = h**2 + 7*h + 4. Let w be j(l). Let i be w/16 + (-876)/(-16). What is the highest common factor of i and 5?
5
Suppose 8*b - 175 = 3*b. What is the highest common divisor of 280 and b?
35
Suppose 11*l + 660 = 21*l. Calculate the greatest common divisor of l and 42.
6
Let d(a) = -a**2 + 24*a - 99. Let u be d(6). Calculate the highest common factor of 75 and u.
3
Let y(w) = -7*w + 3. Let n be y(-3). Suppose -v - n = -3*v. Suppose v*t = 7*t + 135. Calculate the greatest common divisor of t and 243.
27
Let s be 10731/(-6)*(-56)/98. Calculate the greatest common factor of s and 438.
146
Let j(s) = -25*s - 45. Let n be j(-4). What is the greatest common divisor of 77 and n?
11
Suppose -106 + 416 = 5*k. Suppose 4*d + 14 - k = 0. Calculate the greatest common factor of 96 and d.
12
Suppose -2 = 6*k + 4. Let p be (7/14)/(k/(-990)). Suppose 3*m - 8*m + p = 0. Calculate the highest common divisor of m and 11.
11
Let w be (-1 + -18)/(-6 + (-299)/(-52)). What is the greatest common divisor of w and 114?
38
Suppose 5*k + 2*d + 24 - 541 = 0, -2*d = 8. Let x be 7/28 + k/12. Calculate the highest common factor of 15 and x.
3
Suppose l + 5*t + 6 = 0, -2*l - 5*t + 2 = 4. Let q be (2/l)/((-4)/16). Let b be (-208)/(-20) + q/5. Calculate the greatest common factor of b and 110.
10
Suppose 3*q = -10 + 19. Let j(l) = -5*l. Let d(c) = -9*c - 1. Let h(n) = q*d(n) - 5*j(n). Let y be h(-6). What is the highest common divisor of 9 and y?
9
Let l(v) = -v**3 - 7*v**2 - 29*v - 1. Let n be l(-5). Calculate the greatest common factor of 8 and n.
2
Suppose g - 5*t - 64 = -0*g, -168 = -3*g + 3*t. Suppose 0 = -2*z + 10*z - 584. Suppose z*j + 30 = 78*j. Calculate the highest common divisor of j and g.
6
Let o(q) = -q**3 - 5*q**2 - q - 19. Let p(x) = x**2 + 1. Let m(z) = -o(z) - 5*p(z). Let t be m(0). What is the highest common factor of 14 and t?
14
Let r(s) = 2*s**3 - 16*s**2 - 23*s + 13. Let f be r(13). Calculate the greatest common factor of f and 54.
54
Let t(n) = n**2 - 8*n - 9. Let y(z) = -2*z**2 + 17*z + 18. Let b(j) = 5*t(j) + 3*y(j). Let k be b(10). What is the highest common factor of 133 and k?
19
Let z = 507 + -355. What is the highest common factor of z and 684?
76
Let b = -23 - -29. Let d be (-3)/b - 267/(-6). Suppose 4*f - 8*f = -d. What is the greatest common divisor of 11 and f?
11
Let m = 0 - -75. Calculate the greatest common divisor of 15 and m.
15
Let i(p) = -13*p - 1. Let n be i(-4). Suppose 5*o - 4*d = -10 + 99, 4 = -4*d. What is the highest common factor of o and n?
17
Let z = -425 - -476. What is the greatest common factor of z and 153?
51
Let s be 128/24 - (-2)/(-6). Let y = s + -3. Suppose -256 = -2*n - y*n. Calculate the greatest common factor of n and 16.
16
Let a(k) = -28*k - 26. Let c be a(15). Let t = 702 + c. Calculate the greatest common factor of t and 16.
16
Let m(v) = -18*v**3 + v**2 - 3*v + 1. Let s be m(-3). Suppose 920 = 5*c + 5*a - s, -4*c + 4*a = -1148. What is the highest common divisor of c and 26?
26
Suppose -15 = 9*z - 6*z, 5*z + 133 = i. What is the highest common divisor of i and 126?
18
Suppose -l + 162 = 3*m, -4*l - 3*m + 645 = -3. Suppose 25*k = -31*k + 1008. Calculate the highest common factor of k and l.
18
Let m = -5047 + 5083. Let l = 0 + 4. What is the greatest common factor of m and l?
4
Let a(i) = 233*i + 234. Let r be a(0). Calculate the highest common divisor of r and 81.
9
Let d = -29 - -12. Let k = 5 - d. Calculate the greatest common factor of k and 55.
11
Suppose 0 = -7*d + 2*d + 10. Let s be (14/4)/(-4*d/(-528)). What is the highest common divisor of s and 21?
21
Let o = -34 - -20. Let f be (12/o)/(8/(-280)). What is the highest common divisor of f and 75?
15
Let d = -50 + 73. Calculate the highest common factor of 161 and d.
23
Suppose 6*c = 43 + 107. Suppose -p + 3 + 7 = 0. What is the greatest common factor of p and c?
5
Let j = 20 - -11. Let d(f) = f**3 + 21*f**2 + 20*f + 31. Let h be d(-20). Calculate the greatest common factor of j and h.
31
Let d = 24 + -19. Suppose d*b - 16 = b. Suppose b*z = 2*z + 6. What is the highest common factor of 3 and z?
3
Let w be (-661)/(-4) - 6/24. Let a be w/11 + (0 - -1). What is the greatest common divisor of a and 40?
8
Let w be (-86)/4*(36 + -38). Calculate the highest common factor of w and 688.
43
Let u = -177 - -225. What is the greatest common factor of 30 and u?
6
Let q be 2 + 10 + -5 + 212 - 0. Calculate the greatest common factor of 3 and q.
3
Suppose 0 = 6*h - 147 + 105. Calculate the greatest common factor of h and 49.
7
Let l = 78 - 55. Let u be (-9 + 12)/(3/l). Calculate the greatest common divisor of u and 184.
23
Let n(w) = 47*w**2 - 2*w + 3. Let g be n(1). Suppose d - 55 = -i - i, 4*i - 95 = -5*d. Suppose y = -4*y + i. Calculate the greatest common divisor of y and g.
6
Let q be (1/1)/(3/45). Let u = q + -6. Let n = 17 - u. Calculate the highest common factor of 8 and n.
8
Let d be ((-4)/12)/(3/(-27)*1). Suppose -d*y = 2*c - 0*c - 274, 2*y = 2*c + 166. Calculate the greatest common divisor of 8 and y.
8
Let d be (10/(-5))/(10/7)*-5. Suppose -8*h + 1 = -d. What is the highest common factor of h and 13?
1
Let z be (1/4 - 0)*0. Suppose -p - b + 20 = 0, z = -5*p + p - b + 92. Calculate the greatest common factor of p and 36.
12
Suppose 176 = 12*h - 28. What is the highest common factor of h and 1241?
17
Let q(h) be the third derivative of -1/8*h**4 - 3*h**2 + 0*h**3 + 0*h + 0. Let l be q(-4). Calculate the highest common factor of 6 and l.
6
Suppose -1 = 4*c - 9. Suppose 3*p + c*p - 700 = 0. Suppose -6*d - p = -10*d. What is the greatest common divisor of 315 and d?
35
Suppose 5*u = v - 4, v + 3*u - 4 = 2*u. Let i(g) = -g + 8. Let b be i(7). Calculate the greatest common factor of b and v.
1
Let b be (-16)/(-2) - (-621)/((-9)/(-1)). What is the greatest common divisor of 33 and b?
11
Let s(l) = 10*l**2 + 11*l - 4. Let w be s(-6). Calculate the greatest common factor of w and 10.
10
Let k(u) = -2 + 2*u**2 + 2*u**2 - 3*u**2 + 4*u**3. Let q be k(3). Let a(s) = -2*s + 80. Let g be a(17). What is the greatest common divisor of g and q?
23
Let b(v) = v**3 - 6*v**2 + v - 5. Let p be b(4). Let r be p/22*8/(-3). Calculate the greatest common factor of r and 6.
2
Suppose 0 = 11*a - 37*a + 936. What is the highest common divisor of a and 117?
9
Suppose 4*g = -g + 10. Suppose 5*l - 4*x = x, -2*l = g*x - 8. Suppose -5*h = -3*h - l*r - 2, -3*h = 3*r - 9. What is the highest common factor of h and 4?
2
Suppose 2*f + 0*f = 6. Let p be ((-12)/(-4))/(f/22). Suppose -2*r - 4*d + 2 = -64, -3*r + 99 = -5*d. Calculate the greatest common factor of p and r.
11